divisor of 35 and 91.
7
What is the greatest common factor of 16 and 1?
1
What is the greatest common divisor of 190 and 20?
10
What is the greatest common divisor of 36 and 126?
18
Calculate the highest common divisor of 3498 and 66.
66
What is the greatest common factor of 44 and 5654?
22
Calculate the greatest common factor of 1225 and 75.
25
What is the greatest common divisor of 550 and 88?
22
Calculate the highest common divisor of 1078 and 112.
14
What is the greatest common divisor of 128 and 24704?
128
Calculate the highest common factor of 1278 and 12.
6
Calculate the highest common factor of 35 and 5495.
35
What is the highest common divisor of 2 and 577?
1
Calculate the highest common divisor of 70 and 1390.
10
What is the greatest common factor of 5548 and 876?
292
What is the highest common factor of 55 and 880?
55
What is the greatest common divisor of 338 and 2?
2
Calculate the highest common factor of 24 and 600.
24
What is the highest common factor of 4033 and 763?
109
Calculate the greatest common divisor of 222 and 51837.
111
Calculate the highest common divisor of 114 and 798.
114
Calculate the highest common divisor of 51 and 5712.
51
What is the highest common divisor of 964 and 12?
4
Calculate the highest common divisor of 448 and 616.
56
Calculate the highest common factor of 999 and 189.
27
What is the greatest common factor of 1854 and 12?
6
What is the greatest common divisor of 238 and 742?
14
Calculate the greatest common factor of 402 and 138.
6
Calculate the greatest common divisor of 135 and 108.
27
Calculate the highest common divisor of 60 and 24.
12
Calculate the highest common factor of 201 and 9447.
201
Calculate the highest common divisor of 102 and 34.
34
What is the greatest common factor of 36 and 1756?
4
Calculate the greatest common divisor of 1500 and 744.
12
What is the highest common factor of 738 and 36?
18
What is the highest common divisor of 2691 and 741?
39
What is the highest common factor of 104 and 152?
8
Calculate the greatest common divisor of 725 and 975.
25
What is the greatest common factor of 416 and 128?
32
What is the highest common factor of 536 and 8?
8
Calculate the greatest common factor of 320 and 16.
16
Calculate the greatest common divisor of 12 and 3552.
12
What is the highest common divisor of 26 and 2028?
26
Calculate the greatest common divisor of 342 and 306.
18
What is the highest common divisor of 324 and 405?
81
What is the highest common divisor of 89 and 89?
89
Calculate the greatest common factor of 945 and 4275.
45
Calculate the highest common divisor of 342 and 19.
19
What is the highest common divisor of 5 and 405?
5
What is the greatest common factor of 1156 and 1666?
34
What is the greatest common factor of 10 and 2390?
10
Calculate the highest common divisor of 7885 and 19.
19
What is the greatest common divisor of 256 and 272?
16
Calculate the highest common divisor of 162 and 234.
18
What is the highest common divisor of 160 and 3920?
80
Calculate the greatest common divisor of 189 and 216.
27
What is the highest common divisor of 247 and 104?
13
What is the highest common divisor of 3164 and 28?
28
What is the greatest common divisor of 10854 and 9?
9
Calculate the greatest common factor of 108 and 1356.
12
What is the greatest common divisor of 75 and 5800?
25
What is the greatest common factor of 15 and 807?
3
What is the highest common factor of 100 and 80?
20
What is the greatest common divisor of 57 and 57?
57
Calculate the highest common divisor of 6 and 114.
6
What is the greatest common divisor of 1107 and 1599?
123
Calculate the highest common divisor of 4994 and 22.
22
Calculate the greatest common divisor of 2230 and 10.
10
What is the highest common factor of 1687 and 14?
7
What is the highest common factor of 310 and 2759?
31
Calculate the greatest common factor of 1156 and 4.
4
Calculate the greatest common divisor of 63 and 567.
63
Calculate the greatest common factor of 465 and 195.
15
What is the highest common factor of 846 and 54?
18
Calculate the highest common factor of 605 and 165.
55
Calculate the greatest common divisor of 272 and 2754.
34
What is the highest common divisor of 42 and 98?
14
What is the greatest common factor of 374 and 17?
17
What is the highest common factor of 55 and 506?
11
Calculate the greatest common divisor of 28 and 23492.
28
What is the greatest common divisor of 1962 and 4?
2
What is the greatest common factor of 44 and 1760?
44
What is the greatest common factor of 2779 and 21?
7
Calculate the highest common factor of 1240 and 2108.
124
Calculate the highest common divisor of 75 and 240.
15
Calculate the greatest common factor of 72 and 120.
24
What is the greatest common divisor of 32 and 92?
4
What is the highest common factor of 14 and 4298?
14
What is the greatest common factor of 840 and 56?
56
Calculate the highest common divisor of 147 and 343.
49
What is the greatest common divisor of 12034 and 154?
22
What is the highest common factor of 94 and 15322?
94
Calculate the highest common divisor of 64 and 1424.
16
What is the highest common divisor of 9 and 72?
9
Calculate the highest common factor of 686 and 8.
2
Calculate the greatest common factor of 170 and 3145.
85
What is the greatest common factor of 68 and 374?
34
What is the greatest common divisor of 6298 and 940?
94
What is the greatest common factor of 414 and 2277?
207
What is the highest common factor of 176 and 128?
16
Calculate the greatest common factor of 1508 and 65.
13
Calculate the highest common factor of 1320 and 48.
24
Calculate the highest common divisor of 216 and 162.
54
What is the greatest common factor of 80 and 190?
10
Calculate the highest common divisor of 50 and 330.
10
Calculate the greatest common factor of 114 and 6.
6
Calculate the highest common factor of 625 and 25.
25
What is the highest common divisor of 316 and 8?
4
What is the highest common divisor of 165 and 132?
33
What is the greatest common divisor of 52271 and 313?
313
What is the greatest common divisor of 56 and 40?
8
Calculate the highest common factor of 48 and 132.
12
Calculate the highest common factor of 10 and 5165.
5
What is the greatest common factor of 684 and 532?
76
What is the greatest common factor of 77 and 539?
77
What is the highest common factor of 330 and 3036?
66
What is the highest common factor of 1157 and 13?
13
What is the highest common divisor of 36 and 153?
9
Calculate the greatest common factor of 17 and 68.
17
Calculate the highest common divisor of 476 and 588.
28
Calculate the greatest common factor of 12 and 132.
12
Calculate the highest common factor of 3179 and 33.
11
What is the greatest common factor of 50 and 20?
10
What is the greatest common divisor of 135 and 1755?
135
What is the highest common divisor of 575 and 25?
25
Calculate the greatest common factor of 559 and 39.
13
What is the greatest common factor of 12 and 7116?
12
Calculate the greatest common divisor of 14041 and 19.
19
What is the highest common divisor of 234 and 108?
18
What is the highest common divisor of 136 and 3434?
34
What is the highest common factor of 535 and 50?
5
Calculate the greatest common divisor of 32315 and 115.
115
What is the greatest common factor of 208 and 13?
13
Calculate the greatest common factor of 535 and 107.
107
What is the highest common divisor of 2702 and 238?
14
What is the highest common divisor of 20 and 32?
4
What is the highest common divisor of 29 and 1?
1
What is the highest common divisor of 1600 and 200?
200
What is the greatest common divisor of 12 and 456?
12
Calculate the greatest common divisor of 22 and 99.
11
What is the highest common factor of 17 and 799?
17
What is the greatest common factor of 100 and 950?
50
Calculate the greatest common divisor of 15 and 60.
15
What is the greatest common divisor of 175 and 420?
35
What is the greatest common factor of 132 and 1353?
33
Calculate the greatest common divisor of 28 and 350.
14
Calculate the highest common divisor of 25 and 45.
5
What is the greatest common factor of 3360 and 42?
42
What is the greatest common divisor of 50 and 8950?
50
Calculate the highest common divisor of 59 and 177.
59
Calculate the highest common factor of 50 and 625.